0
Let y(z) = -12*z**2 - 634*z - 1243. Calculate y(-2).
-23
Let p(f) = -f**3 - 4*f**2 + 64*f - 252. Determine p(4).
-124
Let r(s) = -2*s**3 - 14*s**2 + 112*s + 15. Determine r(5).
-25
Let x(o) = -o**3 + 77*o**2 - 292*o - 262. Calculate x(73).
-262
Let l(p) = 9453*p + 37816. Calculate l(-4).
4
Let j(w) = -w**2 + 924*w + 9336. What is j(-10)?
-4
Let w(n) = -n**3 - 104*n**2 + 1424*n - 385. Give w(12).
-1
Let h(z) = -11*z - 147. What is h(-13)?
-4
Let c(t) = -t**3 + 13*t**2 - 46*t + 8. Give c(7).
-20
Let l(b) = -b**2 - 25*b + 210. Give l(-21).
294
Let g(i) = -9*i - 730. Calculate g(-80).
-10
Let r(x) = -x**3 - x**2 + 191*x + 1299. What is r(-7)?
256
Let d(u) = u**2 + 11*u + 58. Calculate d(-6).
28
Let q(v) = -590*v - 3504. What is q(-6)?
36
Let a(h) = 13*h**2 + 263*h - 198. What is a(-21)?
12
Let c(o) = o**3 + 41*o**2 + 238*o + 41. What is c(-34)?
41
Let g(p) = -p**3 - 3*p - 168. Give g(0).
-168
Let z(h) = h**3 - 4*h - 1. What is z(3)?
14
Let a(c) = 37*c**2 - 6. Determine a(-2).
142
Let k(r) = -r**3 + 68*r**2 - 429*r + 135. Calculate k(61).
13
Let m(h) = -1978*h - 818892. Determine m(-414).
0
Let i(k) = -544*k + 3808. What is i(7)?
0
Let r(y) = 40*y + 296. Give r(-5).
96
Let l(m) = -m**3 + 7*m**2 + 10*m + 94. Determine l(9).
22
Let s(m) = 3*m**2 + 121*m + 342. Calculate s(-37).
-28
Let q(g) = 6555*g - 39330. Determine q(6).
0
Let b(d) = -4*d**3 + 80*d**2 - 337*d + 2. What is b(14)?
-12
Let g(u) = -327*u**3 - 2615*u**2 + 7*u - 9. Give g(-8).
-1
Let m(q) = -48*q**3 + 2*q**2 + 2*q + 1. Determine m(-1).
49
Let g(n) = -n**3 + 9*n**2 - 39*n - 2. Give g(6).
-128
Let m(u) = 6*u**2 - 20*u + 13. What is m(8)?
237
Let z(j) = j**3 - 20*j**2 + 53*j + 4. Determine z(14).
-430
Let j(c) = c**2 - 31*c + 244. Determine j(16).
4
Let o(k) = -k**3 + 23*k**2 + 93*k - 2153. Determine o(23).
-14
Let n(j) = 36*j - 420. What is n(7)?
-168
Let v(l) = l**3 + 2*l**2 + 482*l + 2478. Determine v(-5).
-7
Let k(m) = -m**2 - 45*m + 270. Calculate k(-51).
-36
Let x(s) = s**3 + 66*s**2 + 603*s - 8. Calculate x(-11).
14
Let l(j) = -23*j**2 - 260*j - 366. Give l(-10).
-66
Let m(n) = -4*n**2 + 334*n + 1399. Calculate m(-4).
-1
Let u(v) = -v**3 - 25*v**2 - 148*v + 88. What is u(-14)?
4
Let o(d) = -378*d + 1109. Determine o(3).
-25
Let h(y) = -75*y + 169. Calculate h(4).
-131
Let d(m) = 283*m - 3382. Determine d(12).
14
Let i(b) = b**3 + 28*b**2 - 5*b + 17. Determine i(-28).
157
Let i(x) = x**3 - 19*x**2 - 28*x + 134. Give i(20).
-26
Let r(h) = 19*h - 875. Determine r(47).
18
Let t(n) = 20*n + 950. Calculate t(-47).
10
Let l(m) = m**3 - m**2 - 13*m + 25. Calculate l(0).
25
Let y(a) = -2*a**2 - 78*a - 353. Determine y(-5).
-13
Let j(g) = -2*g**2 - 22*g. Determine j(-6).
60
Let l(f) = -4*f**3 + 117*f**2 + 115*f - 2. What is l(-1)?
4
Let h(j) = 3*j**3 + 166*j**2 + 54*j - 24. Give h(-55).
31
Let l(b) = -b**2 + 13*b + 2. What is l(-6)?
-112
Let c(y) = -y**2 - 25*y - 4. Determine c(0).
-4
Let f(a) = 2*a**2 - 48*a - 17. Give f(23).
-63
Let l(z) = 5*z**2 + 115*z + 23. Determine l(-23).
23
Let x(n) = -n**3 + 531*n**2 - 1176*n + 62418. Determine x(529).
-4
Let g(f) = -55*f + 174. Give g(4).
-46
Let a(s) = -s**2 + 79*s - 86. Calculate a(78).
-8
Let p(d) = -3*d**2 - 7*d + 30. Give p(-5).
-10
Let g(z) = -88*z**2 - 423*z - 12. Determine g(-5).
-97
Let z(p) = -2*p**2 - 11*p + 99. Give z(10).
-211
Let s(z) = z**3 + 15*z**2 - 95*z - 12. Calculate s(5).
13
Let n(d) = d**3 - 122*d**2 + 264*d + 11073. Determine n(119).
6
Let n(c) = c**3 + 73*c**2 + 26*c + 1902. Determine n(-73).
4
Let u(g) = -4*g - 54. Give u(-14).
2
Let n(a) = 1209*a - 24181. Determine n(20).
-1
Let x(f) = -24*f - 88. Determine x(-4).
8
Let k(m) = m**3 + m**2 - 17*m + 12. Give k(-8).
-300
Let n(z) = -z**2 - 107*z + 3908. Give n(29).
-36
Let f(d) = -4*d**2 - 20*d - 20. What is f(-6)?
-44
Let h(x) = 2*x**3 + 126*x**2 + 243*x - 53. Determine h(-61).
8
Let t(x) = 14*x + 116. Give t(-10).
-24
Let o(r) = -r**3 + 4*r**2 + 17*r - 57. What is o(5)?
3
Let c(s) = -s**3 + 23*s**2 + 26*s - 88. Calculate c(24).
-40
Let i(f) = -6*f - 256. Give i(-44).
8
Let h(i) = -i**3 - 3*i**2 - 5*i + 20. Calculate h(7).
-505
Let h(y) = 3*y**3 - 28*y**2 - 17*y - 26. Determine h(10).
4
Let d(n) = 202*n + 13952. Give d(-69).
14
Let y(r) = r**3 + 23*r**2 - 171*r + 74. What is y(-29)?
-13
Let u(y) = 9699*y + 9653. Determine u(-1).
-46
Let l(b) = -102*b - 175. Give l(2).
-379
Let k(w) = -392*w + 347. Determine k(1).
-45
Let p(n) = 60*n - 433. What is p(8)?
47
Let r(k) = -k**3 + k**2 - 6*k + 66. What is r(4)?
-6
Let r(t) = 2*t**2 + 200*t - 2958. Give r(-113).
-20
Let n(s) = -s**3 - 6*s**2 + 4*s - 27. Calculate n(-9).
180
Let k(z) = -2212*z - 7. Determine k(0).
-7
Let h(r) = 5*r**2 - 278*r - 15. Determine h(54).
-447
Let w(z) = 22*z**2 - 22*z + 68. Give w(3).
200
Let h(b) = -2*b**2 - 96*b - 642. Determine h(-9).
60
Let a(f) = 12*f + 838. Determine a(-82).
-146
Let c(b) = -2*b**2 + 36*b - 1. Give c(23).
-231
Let j(c) = 4*c**2 - 383*c + 276. What is j(95)?
-9
Let b(d) = -10*d + 53. Calculate b(33).
-277
Let o(h) = -124*h + 836. Determine o(10).
-404
Let f(z) = z**3 + 3*z**2 + 74*z + 290. Give f(-4).
-22
Let m(i) = -6*i - 64. What is m(-6)?
-28
Let b(h) = 2*h**3 - 156*h**2 + 146*h + 438. What is b(77)?
-178
Let m(u) = 3*u**2 - 34*u + 77. Calculate m(6).
-19
Let t(f) = 2*f**3 + 50*f**2 - 55*f - 12. What is t(-26)?
66
Let a(f) = -652*f + 4570. Give a(7).
6
Let u(f) = -25*f**3 - 28*f**2 - 28*f - 1. Calculate u(-1).
24
Let j(m) = 24*m - 2099. Give j(75).
-299
Let z(y) = 348*y**2 + 3133*y + 11. Calculate z(-9).
2
Let f(o) = -o**3 + 24*o**2 - 19*o + 50. Calculate f(23).
142
Let n(l) = -l**3 + 13*l**2 - 91*l + 1128. Give n(13).
-55
Let m(k) = k**3 - 11*k**2 + 14*k + 8. Calculate m(10).
48
Let r(l) = 3*l**2 + 119*l + 937. Determine r(-11).
-9
Let d(b) = -7*b + 59. Give d(8).
3
Let x(h) = -114*h + 568. What is x(5)?
-2
Let v(c) = -1479*c + 2. What is v(0)?
2
Let t(l) = l**3 - 232*l**2 - 708*l + 718. Give t(235).
13
Let a(v) = -v**3 - 5*v**2 + 16*v + 17. Determine a(3).
-7
Let m(b) = -b**3 - 39*b**2 + 17*b + 79. Give m(-39).
-584
Let r(h) = h**3 + 16*h**2 + 22*h + 92. Determine r(-15).
-13
Let z(g) = 1307*g - 34002. Calculate z(26).
-20
Let m(o) = -o**3 - 3*o**2 + 272*o + 35. Determine m(-18).
-1
Let b(u) = 2359*u + 14151. Give b(-6).
-3
Let b(i) = 90*i - 1157. What is b(19)?
553
Let u(r) = 24*r**2 - 770*r - 763. Give u(33).
-37
Let c(r) = -r**3 - 17*r**2 + 13*r + 276. Give c(-17).
55
Let j(m) = -19*m - 27. Give j(-5).
68
Let p(i) = i**3 + 13*i**2 - 17*i - 50. Calculate p(-6).
304
Let a(t) = -t**3 + 19*t**2 + 219*t + 25. Calculate a(-8).
1
Let i(k) = k**3 - 16*k**2 + 40*k - 8. Give i(13).
5
Let f(c) = -45*c - 549. Give f(-8).
-189
Let j(z) = 4*z**2 + 172*z + 18. Calculate j(-44).
194
Let v(u) = -128*u + 13451. Determine v(105).
11
Let j(p) = 2*p**3 - 164*p**2 + 155*p + 768. Calculate j(81).
201
Let t(x) = 3*x**3 + 39*x**2 + 59*x + 8. Give t(-9).
449
Let f(y) = -3*y**3 + 27*y**2 - 23*y + 3. Calculate f(10).
-527
Let m(q) = -16*q - 491. Determine m(-34).
53
Let z(a) = a**2 + 39*a + 212. Determine z(-35).
72
Let m(b) = 74*b + 202. What is m(-4)?
-94
Let n(k) = -15*k**2 - 1. Calculate n(1).
-16
Let v(l) = 135*l - 378. Determine v(3).
27
Let l(p) = 5*p**2 - 32*p - 33. Determine l(7).
-12
Let a(g) = -3*g - 25. Give a(-3).
-16
Let a(t) = t**3 - 36*t**2 + 68*t + 39. Calculate a(34).
39
Let l(f) = -20*f**2 - f + 1. Give l(-1).
-18
Let k(a) = a**2 - 1118*a + 4. Determine k(0).
4
Let a(j) = -2*j**3 - 12*j**2 - 24*j - 8. Calculate a(-3).
10
Let v(u) = -892*u - 38350. What is v(-43)?
6
Let u(x) = x**2 + 13*x + 52. Calculate u(-10).
22
Let h(u) = -u**2 - 88*u + 967. Determine h(12).
-233
Let i(o) = -o**2 - 28*o - 87. Determine i(-24).
9
Let t(n) = 15*n - 84. What is t(-7)?
-189
Let n(b) = b**2 + 269*b + 1611. Calculate n(-6).
33
Let f(p) = p**3 + 2*p**2 - 27*p - 4. Calculate f(-6).
14
Let p(a) = -278*a - 6400. Determine p(-23).
-6
Let u(f) = -5*f**2 - 14*f + 16. Give u(-7).
-131
Let l(h) = -11*h**2 - 181*h + 93. Determine l(-17).
-9
Let p(k) = k**3 + 10*k**2 - 12*k - 31. What is p(-9)?
158
Let c(o) = -99*o - 389. Calculate c(-4).
7
Let w(j) = 2*j**3 + 8*j**2 + 13*j - 1. Give w(-6).
-223
Let x(j) = 18*j**2 + 342*j - 1. Determine x(-19).
-1
Let n(p) = -p**2 + 3*p - 20. Determine n(-7).
-90
Let m(j) =